
{"id":12,"date":"2024-06-10T20:27:37","date_gmt":"2024-06-10T20:27:37","guid":{"rendered":"https:\/\/chc.med.uchile.cl\/?page_id=12"},"modified":"2024-06-12T17:10:22","modified_gmt":"2024-06-12T17:10:22","slug":"infraestructura","status":"publish","type":"page","link":"https:\/\/chc.med.uchile.cl\/?page_id=12","title":{"rendered":"Infraestructura"},"content":{"rendered":"<p>[et_pb_section fb_built=&#8221;1&#8243; _builder_version=&#8221;4.25.1&#8243; _module_preset=&#8221;default&#8221; background_color=&#8221;#4a4a6a&#8221; hover_enabled=&#8221;0&#8243; global_colors_info=&#8221;{}&#8221; min_height=&#8221;360.5px&#8221; filter_brightness=&#8221;148%&#8221; sticky_enabled=&#8221;0&#8243;][et_pb_row _builder_version=&#8221;4.25.1&#8243; _module_preset=&#8221;default&#8221; global_colors_info=&#8221;{}&#8221;][et_pb_column type=&#8221;4_4&#8243; _builder_version=&#8221;4.25.1&#8243; _module_preset=&#8221;default&#8221; global_colors_info=&#8221;{}&#8221;][et_pb_text _builder_version=&#8221;4.25.1&#8243; _module_preset=&#8221;default&#8221; text_orientation=&#8221;center&#8221; global_colors_info=&#8221;{}&#8221;]<\/p>\n<h1 class=\"et_pb_module_header\"><span style=\"color: #ffffff;\">Nuestra Infraestructura<\/span><\/h1>\n<p>[\/et_pb_text][et_pb_text _builder_version=&#8221;4.25.1&#8243; _module_preset=&#8221;default&#8221; global_colors_info=&#8221;{}&#8221;]<\/p>\n<div class=\"et_pb_fullwidth_header_container center\">\n<div class=\"header-content-container center\">\n<div class=\"header-content\" style=\"text-align: center;\">\n<p><span class=\"et_pb_fullwidth_header_subhead\" style=\"color: #ffffff;\">En el coraz\u00f3n del parque Quinta Normal<\/span><\/p>\n<div class=\"et_pb_header_content_wrapper\"><\/div>\n<\/div>\n<\/div>\n<\/div>\n<p>[\/et_pb_text][\/et_pb_column][\/et_pb_row][\/et_pb_section][et_pb_section fb_built=&#8221;1&#8243; _builder_version=&#8221;4.25.1&#8243; _module_preset=&#8221;default&#8221; global_colors_info=&#8221;{}&#8221;][et_pb_row column_structure=&#8221;1_2,1_2&#8243; _builder_version=&#8221;4.25.1&#8243; _module_preset=&#8221;default&#8221; global_colors_info=&#8221;{}&#8221;][et_pb_column type=&#8221;1_2&#8243; _builder_version=&#8221;4.25.1&#8243; _module_preset=&#8221;default&#8221; global_colors_info=&#8221;{}&#8221;][et_pb_text _builder_version=&#8221;4.25.1&#8243; _module_preset=&#8221;default&#8221; text_orientation=&#8221;justified&#8221; global_colors_info=&#8221;{}&#8221;]<\/p>\n<p>Ubicado en el Campus Occidente de la Universidad de Chile, la unidad cuenta con alrededor de 800 metros cuadrados construidos e implementados para aplicar t\u00e9cnicas de simulaci\u00f3n. En los escenarios cl\u00ednicos, con un \u00e1rea de 500 m<sup>2<\/sup>, se dispone de un espacio semejante a un centro asistencial, con 6 boxes y 7 salas de atenci\u00f3n cl\u00ednica, dotadas de vidrios-espejos y sistemas de audio y video, para supervisi\u00f3n directa, remota y registro de las actividades de estudiantes y docentes.<\/p>\n<p>Adicionalmente, se dispone de zonas para pr\u00e1ctica de procedimientos y uso de simuladores mec\u00e1nicos. De esta manera, los estudiantes de pregrado de las ocho escuelas de la instituci\u00f3n pueden acceder a situaciones cl\u00ednicas intencionadas, seguras y estandarizadas como las que enfrentar\u00e1n en su vida profesional. La disponibilidad de salas de\u00a0debriefing permite la reflexi\u00f3n y la retroalimentaci\u00f3n por acad\u00e9micos, pares y pacientes, enriqueciendo el proceso de crecimiento acad\u00e9micos de los involucrados.<\/p>\n<p>[\/et_pb_text][\/et_pb_column][et_pb_column type=&#8221;1_2&#8243; _builder_version=&#8221;4.25.1&#8243; _module_preset=&#8221;default&#8221; global_colors_info=&#8221;{}&#8221;][et_pb_image src=&#8221;https:\/\/chc.med.uchile.cl\/wp-content\/uploads\/2024\/06\/plano.png&#8221; title_text=&#8221;plano&#8221; _builder_version=&#8221;4.25.1&#8243; _module_preset=&#8221;default&#8221; global_colors_info=&#8221;{}&#8221;][\/et_pb_image][\/et_pb_column][\/et_pb_row][\/et_pb_section][et_pb_section fb_built=&#8221;1&#8243; _builder_version=&#8221;4.25.1&#8243; _module_preset=&#8221;default&#8221; global_colors_info=&#8221;{}&#8221;][et_pb_row column_structure=&#8221;1_4,1_4,1_4,1_4&#8243; _builder_version=&#8221;4.25.1&#8243; _module_preset=&#8221;default&#8221; custom_padding=&#8221;0px||0px|||&#8221; global_colors_info=&#8221;{}&#8221;][et_pb_column type=&#8221;1_4&#8243; _builder_version=&#8221;4.25.1&#8243; _module_preset=&#8221;default&#8221; global_colors_info=&#8221;{}&#8221;][et_pb_circle_counter title=&#8221;Metros cuadrados construidos&#8221; number=&#8221;800&#8243; percent_sign=&#8221;off&#8221; bar_bg_color=&#8221;#FFFFFF&#8221; circle_color=&#8221;#FFFFFF&#8221; _builder_version=&#8221;4.25.1&#8243; _module_preset=&#8221;default&#8221; hover_enabled=&#8221;0&#8243; global_colors_info=&#8221;{}&#8221; number_text_color=&#8221;#7ebec5&#8243; number_font=&#8221;|700|||||||&#8221; sticky_enabled=&#8221;0&#8243; number_font_size=&#8221;70px&#8221; custom_margin=&#8221;|auto||auto|false|false&#8221; custom_padding=&#8221;||||false|false&#8221;][\/et_pb_circle_counter][\/et_pb_column][et_pb_column type=&#8221;1_4&#8243; _builder_version=&#8221;4.25.1&#8243; _module_preset=&#8221;default&#8221; global_colors_info=&#8221;{}&#8221;][et_pb_circle_counter title=&#8221;Metros cuadrados para escenarios cl\u00ednicos&#8221; number=&#8221;500&#8243; percent_sign=&#8221;off&#8221; bar_bg_color=&#8221;#FFFFFF&#8221; circle_color=&#8221;#FFFFFF&#8221; _builder_version=&#8221;4.25.1&#8243; _module_preset=&#8221;default&#8221; hover_enabled=&#8221;0&#8243; global_colors_info=&#8221;{}&#8221; number_font=&#8221;|700|||||||&#8221; number_text_color=&#8221;#7ebec5&#8243; number_font_size=&#8221;70px&#8221; sticky_enabled=&#8221;0&#8243;][\/et_pb_circle_counter][\/et_pb_column][et_pb_column type=&#8221;1_4&#8243; _builder_version=&#8221;4.25.1&#8243; _module_preset=&#8221;default&#8221; global_colors_info=&#8221;{}&#8221;][et_pb_circle_counter title=&#8221;Salas de atenci\u00f3n cl\u00ednica&#8221; number=&#8221;7&#8243; percent_sign=&#8221;off&#8221; bar_bg_color=&#8221;#FFFFFF&#8221; circle_color=&#8221;#FFFFFF&#8221; _builder_version=&#8221;4.25.1&#8243; _module_preset=&#8221;default&#8221; hover_enabled=&#8221;0&#8243; global_colors_info=&#8221;{}&#8221; number_font_size=&#8221;70px&#8221; number_font=&#8221;|700|||||||&#8221; sticky_enabled=&#8221;0&#8243; number_text_color=&#8221;#7ebec5&#8243;][\/et_pb_circle_counter][\/et_pb_column][et_pb_column type=&#8221;1_4&#8243; _builder_version=&#8221;4.25.1&#8243; _module_preset=&#8221;default&#8221; global_colors_info=&#8221;{}&#8221;][et_pb_circle_counter title=&#8221;Boxes&#8221; number=&#8221;6&#8243; percent_sign=&#8221;off&#8221; bar_bg_color=&#8221;#FFFFFF&#8221; circle_color=&#8221;#FFFFFF&#8221; _builder_version=&#8221;4.25.1&#8243; _module_preset=&#8221;default&#8221; custom_padding=&#8221;||0px|||&#8221; hover_enabled=&#8221;0&#8243; global_colors_info=&#8221;{}&#8221; number_font=&#8221;|700|||||||&#8221; number_font_size=&#8221;70px&#8221; sticky_enabled=&#8221;0&#8243; number_text_color=&#8221;#7ebec5&#8243;][\/et_pb_circle_counter][\/et_pb_column][\/et_pb_row][et_pb_row _builder_version=&#8221;4.25.1&#8243; _module_preset=&#8221;default&#8221;][et_pb_column _builder_version=&#8221;4.25.1&#8243; _module_preset=&#8221;default&#8221; type=&#8221;4_4&#8243;][et_pb_gallery _builder_version=&#8221;4.25.1&#8243; _module_preset=&#8221;default&#8221; hover_enabled=&#8221;0&#8243; sticky_enabled=&#8221;0&#8243; gallery_ids=&#8221;146,147,148,150&#8243; show_title_and_caption=&#8221;off&#8221; show_pagination=&#8221;off&#8221;][\/et_pb_gallery][\/et_pb_column][\/et_pb_row][\/et_pb_section]<\/p>\n","protected":false},"excerpt":{"rendered":"<p>Nuestra Infraestructura En el coraz\u00f3n del parque Quinta Normal Ubicado en el Campus Occidente de la Universidad de Chile, la unidad cuenta con alrededor de 800 metros cuadrados construidos e implementados para aplicar t\u00e9cnicas de simulaci\u00f3n. En los escenarios cl\u00ednicos, con un \u00e1rea de 500 m2, se dispone de un espacio semejante a un centro [&hellip;]<\/p>\n","protected":false},"author":1,"featured_media":0,"parent":0,"menu_order":0,"comment_status":"closed","ping_status":"closed","template":"","meta":{"_et_pb_use_builder":"on","_et_pb_old_content":"","_et_gb_content_width":"","footnotes":""},"class_list":["post-12","page","type-page","status-publish","hentry"],"_links":{"self":[{"href":"https:\/\/chc.med.uchile.cl\/index.php?rest_route=\/wp\/v2\/pages\/12","targetHints":{"allow":["GET"]}}],"collection":[{"href":"https:\/\/chc.med.uchile.cl\/index.php?rest_route=\/wp\/v2\/pages"}],"about":[{"href":"https:\/\/chc.med.uchile.cl\/index.php?rest_route=\/wp\/v2\/types\/page"}],"author":[{"embeddable":true,"href":"https:\/\/chc.med.uchile.cl\/index.php?rest_route=\/wp\/v2\/users\/1"}],"replies":[{"embeddable":true,"href":"https:\/\/chc.med.uchile.cl\/index.php?rest_route=%2Fwp%2Fv2%2Fcomments&post=12"}],"version-history":[{"count":7,"href":"https:\/\/chc.med.uchile.cl\/index.php?rest_route=\/wp\/v2\/pages\/12\/revisions"}],"predecessor-version":[{"id":153,"href":"https:\/\/chc.med.uchile.cl\/index.php?rest_route=\/wp\/v2\/pages\/12\/revisions\/153"}],"wp:attachment":[{"href":"https:\/\/chc.med.uchile.cl\/index.php?rest_route=%2Fwp%2Fv2%2Fmedia&parent=12"}],"curies":[{"name":"wp","href":"https:\/\/api.w.org\/{rel}","templated":true}]}}